e
Is 6292203383 a composite number?
False
Is 1358159351 composite?
False
Is 72637490897 a prime number?
True
Is 39389059067 a composite number?
False
Is 120690731 a prime number?
False
Is 47452214323 a prime number?
False
Is 195255089 composite?
True
Is 36322924031 composite?
True
Is 557136739 a prime number?
False
Is 14202453777 a composite number?
True
Is 6504922343 composite?
True
Is 58232832535 prime?
False
Is 52517219 a prime number?
True
Is 6636842749 prime?
True
Is 30550818229 a prime number?
True
Is 680741993 composite?
False
Is 771430063 prime?
False
Is 2692836241 composite?
True
Is 43946245601 a prime number?
True
Is 85549538147 a prime number?
False
Is 30916469293 a composite number?
True
Is 8496008501 a prime number?
True
Is 2637956879 a composite number?
True
Is 9124934563 a prime number?
True
Is 5052388373 a prime number?
True
Is 2930148571 a composite number?
True
Is 477962657 prime?
False
Is 1331881051 a composite number?
True
Is 133752841 composite?
False
Is 76999861 a prime number?
False
Is 1160230315333 a composite number?
False
Is 4575577297 a composite number?
False
Is 73942581 a prime number?
False
Is 1842926383 prime?
False
Is 2230737343 prime?
True
Is 4297197607 composite?
False
Is 125771316799 a composite number?
False
Is 93077005783 a composite number?
True
Is 10542092387 composite?
False
Is 12169170577 prime?
True
Is 15015097 composite?
True
Is 1132071827 prime?
True
Is 57751921 prime?
True
Is 11311908073 prime?
False
Is 97229576531 a composite number?
False
Is 370712773 a composite number?
False
Is 179631244103 prime?
True
Is 8748107917 composite?
False
Is 3772586 prime?
False
Is 2916467549 a prime number?
True
Is 2488205393 a prime number?
True
Is 4189092783 a composite number?
True
Is 2447641403 composite?
False
Is 74177702605 composite?
True
Is 109024026455 composite?
True
Is 15498599 composite?
False
Is 1352462569 composite?
True
Is 486365442239 prime?
True
Is 329095843 composite?
True
Is 62663845561 prime?
True
Is 54926102089 a prime number?
True
Is 70412398289 a prime number?
True
Is 744023531 a prime number?
False
Is 304682437 prime?
True
Is 2825106509 composite?
False
Is 8461985891 a composite number?
True
Is 823478701 a composite number?
False
Is 1593683711 prime?
False
Is 11919705457 a composite number?
True
Is 1044678133 composite?
False
Is 1656426547 prime?
False
Is 13905443009 a prime number?
True
Is 1104416546 prime?
False
Is 4595385757 prime?
True
Is 6117983 composite?
False
Is 120335263 a prime number?
False
Is 1346599789 a composite number?
True
Is 1892730401 composite?
False
Is 26985215326 a composite number?
True
Is 149855691 prime?
False
Is 108621311 prime?
False
Is 1411688911 a prime number?
False
Is 5624300909 a prime number?
False
Is 450224867 composite?
False
Is 8461031 prime?
False
Is 2544391637 prime?
False
Is 6883256041 composite?
False
Is 356072912435 a composite number?
True
Is 3553841561 prime?
False
Is 37940910989 a prime number?
True
Is 7786798873 composite?
True
Is 71773539 composite?
True
Is 7576276649 prime?
True
Is 14836410379 a prime number?
False
Is 1078876817 prime?
True
Is 32320682609 prime?
True
Is 134264506043 a composite number?
False
Is 103064587 composite?
True
Is 268674121 a prime number?
False
Is 1307002063 a composite number?
True
Is 83250531929 composite?
False
Is 16014656363 a prime number?
True
Is 14422595549 a prime number?
False
Is 1897350515 prime?
False
Is 281868989 a composite number?
False
Is 1800444641 a prime number?
False
Is 26387695119 prime?
False
Is 452495027 prime?
True
Is 13803262091 prime?
False
Is 6400940594 a prime number?
False
Is 4434895474 a composite number?
True
Is 3173007899 a prime number?
True
Is 2528438557 composite?
True
Is 259556651 composite?
False
Is 1425857663 prime?
True
Is 137610831751 a composite number?
True
Is 26601922729 composite?
True
Is 154361101 composite?
False
Is 764667221 composite?
False
Is 4646746151 a prime number?
False
Is 417723 a composite number?
True
Is 1104035497 prime?
False
Is 173058383699 a composite number?
True
Is 8883578863 composite?
False
Is 252857269793 a prime number?
True
Is 121830304465 prime?
False
Is 12759919559 a composite number?
False
Is 2948487547 prime?
True
Is 13077649223 prime?
False
Is 128650740551 a prime number?
False
Is 10196293413 composite?
True
Is 39336380689 a composite number?
False
Is 3859057363 composite?
True
Is 62946534883 prime?
False
Is 2086340411 composite?
False
Is 6844983271 composite?
True
Is 881643417 prime?
False
Is 12563552167 a composite number?
False
Is 260901083 a prime number?
False
Is 54394190453 prime?
True
Is 59675251947 prime?
False
Is 569215019 a composite number?
False
Is 1608360407 a composite number?
True
Is 19440976417 a composite number?
False
Is 29009344093 a prime number?
True
Is 7321408883 a prime number?
False
Is 19299103591 prime?
True
Is 27102965507 composite?
True
Is 3205781443 composite?
True
Is 793467119 a prime number?
False
Is 927976033 composite?
True
Is 424915807 prime?
False
Is 946029233 prime?
True
Is 19157010419 a prime number?
False
Is 12963616199 a prime number?
True
Is 931312981 prime?
False
Is 128290805 prime?
False
Is 1051654738 a composite number?
True
Is 225069437 prime?
True
Is 28738942381 a prime number?
True
Is 468723067 a prime number?
False
Is 58337652347 a composite number?
True
Is 14927902987 a composite number?
True
Is 956218829 a composite number?
False
Is 5402067785 prime?
False
Is 900095239 a composite number?
False
Is 33242303 a composite number?
False
Is 523401 a composite number?
True
Is 151730039 a prime number?
True
Is 341230399 a composite number?
True
Is 422092347 composite?
True
Is 22686645313 a composite number?
False
Is 335926127 a prime number?
False
Is 45775676519 composite?
False
Is 23271843577 a prime number?
True
Is 2581855253 composite?
True
Is 111568621 a prime number?
True
Is 41595261019 a prime number?
False
Is 7585734259 a prime number?
False
Is 95370793907 prime?
True
Is 10032274501 composite?
True
Is 187726541 composite?
True
Is 29162928697 a prime number?
False
Is 5936391817 a prime number?
True
Is 14017450171 composite?
True
Is 1662704579 a composite number?
False
Is 2814833213 a prime number?
True
Is 798268591 a composite number?
True
Is 1942796771 a composite number?
True
Is 6422848701 a composite number?
True
Is 214267095047 a prime number?
False
Is 8302187119 composite?
False
Is 91103799287 a composite number?
False
Is 23882527853 a composite number?
False
Is 2351018911 a prime number?
True
Is 42046955723 a composite number?
True
Is 30462576509 a composite number?
False
Is 34339957 a prime number?
False
Is 3569437187 a prime number?
False
Is 184443373 a prime number?
True
Is 250861000289 prime?
True
Is 2922401539 a prime number?
False
Is 2706067217 a prime number?
False
Is 104621796647 prime?
True
Is 106599169 a composite number?
False
Is 5358482861 prime?
True
Is 427041607 a composite number?
True
Is 773343983 a composite number?
False
Is 42217367287 prime?
True
Is 4411739129 a composite number?
True
Is 4797923429 a prime number?
False
Is 323304374119 a prime number?
True
Is 1499943409 composite?
False
Is 706157033 a prime number?
False
Is 8476798053 composite?
True
Is 1297322561 a composite number?
True
Is 23142280971 a composite number?
True
Is 2845434685 a composite number?
True
Is 43056647981 a composite number?
True
Is 6196754617 prime?
True
Is 368168503 composite?
False
Is 27658268389 composite?
False
Is 68928477407 composite?
True
Is 485954489 prime?
True
Is 37162715963 composite?
False
Is 5035573979 a prime number?
True
Is 33343409481 composite?
True
Is 67095274861 a prime number?
True
Is 9087706217 a prime number?
False
Is 18878864729 a prime number?
False
Is 114249427 prime?
False
Is 204395833 a prime number?
False
Is 25106542189 a prime number?
True
Is 13302381481 a prime number?
False
Is 421320799 a prime number?
True
Is 2163077453 a prime number?
False
Is 968184673 composite?
False
Is 15764589377 prime?
False
Is 352914077 a composite number?
True
Is 45077692159 composite?
True
Is 1694240573 composite?
True
Is 8398754389 composite?
False
Is 1922884969 composite?
False
Is 31702030219 a composite number?
True
Is 6752170063 a composite number?
True
Is 15872485913 a prime number?
Fal